{"id":125,"date":"2022-03-29T10:33:32","date_gmt":"2022-03-29T13:33:32","guid":{"rendered":"https:\/\/www2.cisi.coppe.ufrj.br\/?page_id=125"},"modified":"2025-01-17T11:10:09","modified_gmt":"2025-01-17T14:10:09","slug":"desenvolvimento","status":"publish","type":"page","link":"https:\/\/www.cisi.coppe.ufrj.br\/index.php\/servicos\/desenvolvimento\/","title":{"rendered":"Desenvolvimento"},"content":{"rendered":"<div class=\"col-md-12\">\n<div class=\"page-content\">\n<p style=\"text-align: justify;\"><span style=\"color: #000000;\">A equipe de desenvolvimento \u00e9 respons\u00e1vel por desenvolver e manter cerca de: 20 sistemas e 10 p\u00e1ginas e portais.<\/span><\/p>\n<p style=\"text-align: justify;\"><span style=\"color: #000000;\"><strong>Principais atividades da equipe:<\/strong><\/span><\/p>\n<p style=\"text-align: justify;\"><span style=\"color: #000000;\"><strong>Evolu\u00e7\u00e3o e Manuten\u00e7\u00e3o de Sistemas<\/strong><\/span><\/p>\n<div style=\"text-align: justify;\"><span style=\"color: #000000;\">O CISI mant\u00e9m sistemas administrativos da Administra\u00e7\u00e3o Central da COPPE \/ UFRJ. Esses sistemas devem estar em conformidade com os padr\u00f5es do setor no que concerne a implementa\u00e7\u00e3o, instala\u00e7\u00e3o e manuten\u00e7\u00e3o dos mesmos, padr\u00f5es estes que s\u00e3o formulados pelos seus colaboradores e aprovados pela Ger\u00eancia de TI.<\/span><\/div>\n<p style=\"text-align: justify;\"><span style=\"color: #000000;\"><strong>Desenvolvimento de P\u00e1gina Web<\/strong><\/span><\/p>\n<div style=\"text-align: justify;\"><span style=\"color: #000000;\">O CISI desenvolve Homepages para os programas diretamente relacionados com a COPPE conforme acordos preestabelecidos com a Diretoria de Planejamento e Administra\u00e7\u00e3o (DPA) e com seus setores administrativos, seguindo as mesmas caracter\u00edsticas definidas para desenvolvimento e manuten\u00e7\u00e3o de sistemas.<\/span><\/div>\n<div>\n<p style=\"text-align: justify;\"><span style=\"color: #000000;\"><strong>Administra\u00e7\u00e3o de Banco de Dados<br \/>\n<\/strong><\/span><\/p>\n<div>\n<p style=\"text-align: justify;\"><span style=\"color: #000000;\">O CISI mant\u00e9m a Administra\u00e7\u00e3o da base de dados contida de informa\u00e7\u00f5es pertinentes a Institui\u00e7\u00e3o.<\/span><\/p>\n<p style=\"text-align: justify;\"><span style=\"color: #000000;\">Cabe ao setor \u2014 guiado por certos princ\u00edpios e atrav\u00e9s de atividades de planejamento, organiza\u00e7\u00e3o e controle dos dados corporativos \u2014 gerenciar os dados como recursos de uso comum da Institui\u00e7\u00e3o, promovendo-lhes os valores de autenticidade, autoridade, precis\u00e3o, acessibilidade, seguridade e inteligibilidade.<\/span><\/p>\n<p style=\"text-align: justify;\"><span style=\"color: #000000;\">Tem como miss\u00e3o o planejamento central, a documenta\u00e7\u00e3o e o gerenciamento dos dados a partir da perspectiva de seus significados e valores para a Institui\u00e7\u00e3o como um todo, garantindo:<\/span><\/p>\n<p style=\"text-align: justify;\"><span style=\"color: #000000;\">\u2022 Recuperabilidade<\/span><\/p>\n<p style=\"text-align: justify;\"><span style=\"color: #000000;\">\u2022 Integridade<\/span><\/p>\n<p style=\"text-align: justify;\"><span style=\"color: #000000;\">\u2022 Seguran\u00e7a<\/span><\/p>\n<p style=\"text-align: justify;\"><span style=\"color: #000000;\">\u2022 Disponibilidade<\/span><\/p>\n<p style=\"text-align: justify;\"><span style=\"color: #000000;\">\u2022 Desempenho<\/span><\/p>\n<p style=\"text-align: justify;\"><span style=\"color: #000000;\">\u2022 Auxilio em desenvolvimento e testes<\/span><\/p>\n<\/div>\n<\/div>\n<\/div>\n<\/div>\n","protected":false},"excerpt":{"rendered":"<p>A equipe de desenvolvimento \u00e9 respons\u00e1vel por desenvolver e manter cerca de: 20 sistemas e 10 p\u00e1ginas e portais. Principais atividades da equipe: Evolu\u00e7\u00e3o e Manuten\u00e7\u00e3o de Sistemas O CISI mant\u00e9m sistemas administrativos da Administra\u00e7\u00e3o Central da COPPE \/ UFRJ. Esses sistemas devem estar em conformidade com os padr\u00f5es do setor no que concerne a<\/p>\n<p class=\"more-link\"><a href=\"https:\/\/www.cisi.coppe.ufrj.br\/index.php\/servicos\/desenvolvimento\/\" class=\"themebutton\">Read More<\/a><\/p>\n","protected":false},"author":2,"featured_media":0,"parent":24,"menu_order":0,"comment_status":"closed","ping_status":"closed","template":"","meta":{"footnotes":""},"class_list":["post-125","page","type-page","status-publish","hentry"],"_links":{"self":[{"href":"https:\/\/www.cisi.coppe.ufrj.br\/index.php\/wp-json\/wp\/v2\/pages\/125","targetHints":{"allow":["GET"]}}],"collection":[{"href":"https:\/\/www.cisi.coppe.ufrj.br\/index.php\/wp-json\/wp\/v2\/pages"}],"about":[{"href":"https:\/\/www.cisi.coppe.ufrj.br\/index.php\/wp-json\/wp\/v2\/types\/page"}],"author":[{"embeddable":true,"href":"https:\/\/www.cisi.coppe.ufrj.br\/index.php\/wp-json\/wp\/v2\/users\/2"}],"replies":[{"embeddable":true,"href":"https:\/\/www.cisi.coppe.ufrj.br\/index.php\/wp-json\/wp\/v2\/comments?post=125"}],"version-history":[{"count":2,"href":"https:\/\/www.cisi.coppe.ufrj.br\/index.php\/wp-json\/wp\/v2\/pages\/125\/revisions"}],"predecessor-version":[{"id":342,"href":"https:\/\/www.cisi.coppe.ufrj.br\/index.php\/wp-json\/wp\/v2\/pages\/125\/revisions\/342"}],"up":[{"embeddable":true,"href":"https:\/\/www.cisi.coppe.ufrj.br\/index.php\/wp-json\/wp\/v2\/pages\/24"}],"wp:attachment":[{"href":"https:\/\/www.cisi.coppe.ufrj.br\/index.php\/wp-json\/wp\/v2\/media?parent=125"}],"curies":[{"name":"wp","href":"https:\/\/api.w.org\/{rel}","templated":true}]}}