{"id":109,"date":"2022-03-29T10:07:00","date_gmt":"2022-03-29T13:07:00","guid":{"rendered":"https:\/\/www2.cisi.coppe.ufrj.br\/?page_id=109"},"modified":"2025-01-17T10:59:17","modified_gmt":"2025-01-17T13:59:17","slug":"missao-visao-e-valores","status":"publish","type":"page","link":"https:\/\/www.cisi.coppe.ufrj.br\/index.php\/quem-somos\/missao-visao-e-valores\/","title":{"rendered":"Miss\u00e3o, Vis\u00e3o e Valores"},"content":{"rendered":"<div class=\"col-md-12\">\n<div class=\"page-content\">\n<p style=\"text-align: justify;\" align=\"left\"><span style=\"color: #000000;\"><strong>Miss\u00e3o<\/strong><\/span><br \/>\n<span style=\"color: #000000;\">Atuar, com qualidade, propondo, provendo e gerenciando solu\u00e7\u00f5es de tecnologia da informa\u00e7\u00e3o (TI) para apoiar as atividades da Administra\u00e7\u00e3o Central da COPPE \/ UFRJ.<\/span><\/p>\n<p style=\"text-align: justify;\"><span style=\"color: #000000;\"><strong>Vis\u00e3o de Futuro<\/strong><\/span><br \/>\n<span style=\"color: #000000;\">Ser reconhecido em 3 anos como um centro de excel\u00eancia no provimento solu\u00e7\u00f5es de TI na COPPE \/ UFRJ.<\/span><\/p>\n<p style=\"text-align: justify;\"><span style=\"color: #000000;\"><strong>Valores<br \/>\n<\/strong>(a) Respeitar de forma \u00e9tica os acordos com os clientes e garantir a compet\u00eancia profissional, bem como o compromisso da ger\u00eancia;<\/span><\/p>\n<p style=\"text-align: justify;\"><span style=\"color: #000000;\">(b) estruturar e implementar seus processos de trabalho com qualidade, em conformidade com os padr\u00f5es de execu\u00e7\u00e3o adotados no DPA\/COPPE, almejando a melhoria cont\u00ednua dos servi\u00e7os prestados pelo setor.<\/span><\/p>\n<\/div>\n<\/div>\n","protected":false},"excerpt":{"rendered":"<p>Miss\u00e3o Atuar, com qualidade, propondo, provendo e gerenciando solu\u00e7\u00f5es de tecnologia da informa\u00e7\u00e3o (TI) para apoiar as atividades da Administra\u00e7\u00e3o Central da COPPE \/ UFRJ. Vis\u00e3o de Futuro Ser reconhecido em 3 anos como um centro de excel\u00eancia no provimento solu\u00e7\u00f5es de TI na COPPE \/ UFRJ. Valores (a) Respeitar de forma \u00e9tica os acordos<\/p>\n<p class=\"more-link\"><a href=\"https:\/\/www.cisi.coppe.ufrj.br\/index.php\/quem-somos\/missao-visao-e-valores\/\" class=\"themebutton\">Read More<\/a><\/p>\n","protected":false},"author":2,"featured_media":0,"parent":22,"menu_order":0,"comment_status":"closed","ping_status":"closed","template":"","meta":{"footnotes":""},"class_list":["post-109","page","type-page","status-publish","hentry"],"_links":{"self":[{"href":"https:\/\/www.cisi.coppe.ufrj.br\/index.php\/wp-json\/wp\/v2\/pages\/109","targetHints":{"allow":["GET"]}}],"collection":[{"href":"https:\/\/www.cisi.coppe.ufrj.br\/index.php\/wp-json\/wp\/v2\/pages"}],"about":[{"href":"https:\/\/www.cisi.coppe.ufrj.br\/index.php\/wp-json\/wp\/v2\/types\/page"}],"author":[{"embeddable":true,"href":"https:\/\/www.cisi.coppe.ufrj.br\/index.php\/wp-json\/wp\/v2\/users\/2"}],"replies":[{"embeddable":true,"href":"https:\/\/www.cisi.coppe.ufrj.br\/index.php\/wp-json\/wp\/v2\/comments?post=109"}],"version-history":[{"count":2,"href":"https:\/\/www.cisi.coppe.ufrj.br\/index.php\/wp-json\/wp\/v2\/pages\/109\/revisions"}],"predecessor-version":[{"id":330,"href":"https:\/\/www.cisi.coppe.ufrj.br\/index.php\/wp-json\/wp\/v2\/pages\/109\/revisions\/330"}],"up":[{"embeddable":true,"href":"https:\/\/www.cisi.coppe.ufrj.br\/index.php\/wp-json\/wp\/v2\/pages\/22"}],"wp:attachment":[{"href":"https:\/\/www.cisi.coppe.ufrj.br\/index.php\/wp-json\/wp\/v2\/media?parent=109"}],"curies":[{"name":"wp","href":"https:\/\/api.w.org\/{rel}","templated":true}]}}